ded by 1100.
34
Calculate the remainder when 1540470 is divided by 13.
9
What is the remainder when 6708 is divided by 1672?
20
Calculate the remainder when 6346 is divided by 78.
28
What is the remainder when 12748 is divided by 2124?
4
Calculate the remainder when 6668 is divided by 16.
12
Calculate the remainder when 19303 is divided by 15.
13
What is the remainder when 54709 is divided by 8?
5
Calculate the remainder when 7847 is divided by 54.
17
What is the remainder when 349330 is divided by 52?
46
What is the remainder when 4383 is divided by 311?
29
Calculate the remainder when 44 is divided by 40.
4
What is the remainder when 1333 is divided by 1193?
140
What is the remainder when 119 is divided by 41?
37
Calculate the remainder when 28195 is divided by 25.
20
What is the remainder when 13650 is divided by 32?
18
What is the remainder when 50702 is divided by 111?
86
What is the remainder when 691 is divided by 80?
51
What is the remainder when 718108 is divided by 505?
503
What is the remainder when 399767 is divided by 1989?
1967
Calculate the remainder when 3600 is divided by 3010.
590
What is the remainder when 9587 is divided by 1575?
137
What is the remainder when 3346 is divided by 2?
0
Calculate the remainder when 677157 is divided by 97.
0
What is the remainder when 167 is divided by 42?
41
Calculate the remainder when 518 is divided by 108.
86
Calculate the remainder when 51887 is divided by 51874.
13
Calculate the remainder when 10112 is divided by 21.
11
Calculate the remainder when 4720 is divided by 1358.
646
What is the remainder when 4501 is divided by 379?
332
Calculate the remainder when 1576 is divided by 40.
16
Calculate the remainder when 353 is divided by 301.
52
What is the remainder when 53087 is divided by 23?
3
What is the remainder when 106891 is divided by 160?
11
Calculate the remainder when 25519 is divided by 16.
15
Calculate the remainder when 1195 is divided by 194.
31
What is the remainder when 19139 is divided by 9182?
775
Calculate the remainder when 227009 is divided by 76.
73
Calculate the remainder when 530705 is divided by 599.
590
Calculate the remainder when 491 is divided by 129.
104
Calculate the remainder when 22016 is divided by 11001.
14
Calculate the remainder when 1321 is divided by 589.
143
What is the remainder when 16650 is divided by 138?
90
Calculate the remainder when 2373 is divided by 22.
19
What is the remainder when 15118 is divided by 24?
22
Calculate the remainder when 453 is divided by 400.
53
What is the remainder when 129 is divided by 52?
25
What is the remainder when 53290 is divided by 78?
16
Calculate the remainder when 355 is divided by 30.
25
What is the remainder when 42559 is divided by 967?
11
What is the remainder when 691 is divided by 545?
146
What is the remainder when 6689 is divided by 1332?
29
Calculate the remainder when 121486 is divided by 140.
106
Calculate the remainder when 2582 is divided by 525.
482
Calculate the remainder when 877 is divided by 861.
16
Calculate the remainder when 265127 is divided by 1657.
7
What is the remainder when 25359 is divided by 528?
15
Calculate the remainder when 2595 is divided by 123.
12
What is the remainder when 94469 is divided by 29?
16
Calculate the remainder when 3522 is divided by 61.
45
Calculate the remainder when 2073 is divided by 328.
105
Calculate the remainder when 24192 is divided by 8034.
90
Calculate the remainder when 93158 is divided by 46578.
2
Calculate the remainder when 28049 is divided by 63.
14
What is the remainder when 72105 is divided by 18?
15
Calculate the remainder when 8096 is divided by 252.
32
What is the remainder when 15440 is divided by 5061?
257
What is the remainder when 25337 is divided by 25280?
57
What is the remainder when 7281 is divided by 519?
15
What is the remainder when 169412 is divided by 58?
52
What is the remainder when 291243 is divided by 218?
213
What is the remainder when 2409 is divided by 34?
29
Calculate the remainder when 19674 is divided by 2174.
108
Calculate the remainder when 9927 is divided by 15.
12
What is the remainder when 1614 is divided by 779?
56
What is the remainder when 45810 is divided by 25?
10
Calculate the remainder when 60259 is divided by 12.
7
Calculate the remainder when 1476 is divided by 213.
198
What is the remainder when 16682 is divided by 125?
57
Calculate the remainder when 175148 is divided by 42.
8
What is the remainder when 8081 is divided by 580?
541
What is the remainder when 23670 is divided by 577?
13
What is the remainder when 31462 is divided by 184?
182
What is the remainder when 80682 is divided by 501?
21
Calculate the remainder when 11951 is divided by 18.
17
What is the remainder when 381448 is divided by 191?
21
What is the remainder when 224 is divided by 140?
84
Calculate the remainder when 824 is divided by 131.
38
What is the remainder when 997566 is divided by 14?
10
What is the remainder when 50831 is divided by 687?
680
What is the remainder when 5271 is divided by 1278?
159
Calculate the remainder when 39081 is divided by 3907.
11
Calculate the remainder when 117804 is divided by 173.
164
What is the remainder when 468195 is divided by 74?
71
Calculate the remainder when 4192 is divided by 1913.
366
Calculate the remainder when 1382 is divided by 370.
272
Calculate the remainder when 29876 is divided by 29.
6
Calculate the remainder when 3175 is divided by 2844.
331
Calculate the remainder when 92921 is divided by 105.
101
Calculate the remainder when 1199157 is divided by 8.
5
Calculate the remainder when 2215 is divided by 578.
481
Calculate the remainder when 4784 is divided by 942.
74
Calculate the remainder when 782851 is divided by 14.
13
What is the remainder when 32151 is divided by 350?
301
What is the remainder when 49692 is divided by 742?
720
What is the remainder when 418185 is divided by 2?
1
Calculate the remainder when 15861 is divided by 167.
163
Calculate the remainder when 10978 is divided by 2697.
190
What is the remainder when 34075 is divided by 26?
15
Calculate the remainder when 13854 is divided by 39.
9
What is the remainder when 3392 is divided by 69?
11
What is the remainder when 90275 is divided by 30089?
8
Calculate the remainder when 41471 is divided by 58.
1
Calculate the remainder when 9862 is divided by 47.
39
Calculate the remainder when 654062 is divided by 28.
10
What is the remainder when 20892 is divided by 719?
41
What is the remainder when 9046 is divided by 410?
26
Calculate the remainder when 266652 is divided by 24240.
12
What is the remainder when 22213 is divided by 20?
13
Calculate the remainder when 1716 is divided by 317.
131
Calculate the remainder when 563176 is divided by 40.
16
Calculate the remainder when 79594 is divided by 305.
294
Calculate the remainder when 1535953 is divided by 307189.
8
What is the remainder when 3311 is divided by 144?
143
Calculate the remainder when 1224 is divided by 195.
54
What is the remainder when 8852 is divided by 727?
128
What is the remainder when 47333 is divided by 511?
321
What is the remainder when 179809 is divided by 311?
51
What is the remainder when 1037 is divided by 527?
510
Calculate the remainder when 254 is divided by 32.
30
What is the remainder when 98031 is divided by 9?
3
What is the remainder when 20759 is divided by 59?
50
What is the remainder when 202462 is divided by 342?
340
Calculate the remainder when 33334 is divided by 3692.
106
What is the remainder when 494 is divided by 460?
34
What is the remainder when 3081 is divided by 291?
171
Calculate the remainder when 695659 is divided by 9.
4
Calculate the remainder when 1392 is divided by 159.
120
Calculate the remainder when 289 is divided by 274.
15
Calculate the remainder when 73672 is divided by 144.
88
What is the remainder when 4520 is divided by 9?
2
What is the remainder when 1249 is divided by 178?
3
Calculate the remainder when 48610 is divided by 6053.
186
Calculate the remainder when 72792 is divided by 502.
2
Calculate the remainder when 96165 is divided by 96143.
22
Calculate the remainder when 890 is divided by 728.
162
Calculate the remainder when 7541 is divided by 1824.
245
Calculate the remainder when 1305735 is divided